9*z**2 + 8*z + 8. What is x(-7)?
50
Let i(t) = -2*t**3 - 44*t**2 - 45*t - 54. What is i(-21)?
9
Let s(q) = -2*q - 4. What is s(4)?
-12
Let s(c) = c**3 + 9*c**2 + c - 11. Give s(-9).
-20
Let w(d) = -d**2 - 18*d - 44. Give w(-17).
-27
Let n(z) = 4*z + 4. Calculate n(-8).
-28
Let h(f) = 8*f. Give h(-7).
-56
Let v(x) = 3*x + 25. What is v(-5)?
10
Let y(x) = -x - 10. Determine y(-3).
-7
Let x(a) = -a**2 + 33*a - 15. What is x(32)?
17
Let h(f) = f - 4. Calculate h(-4).
-8
Let l(y) = y**3 - 25*y**2 - 28*y + 46. Calculate l(26).
-6
Let f(x) = -33*x - 10. Give f(-1).
23
Let j(u) = u**3 + u**2 - 131*u - 22. What is j(11)?
-11
Let n(u) = 2*u - 16. Determine n(11).
6
Let i(k) = k**3 - k**2 - 3*k - 3. Give i(3).
6
Let v(q) = q**2 + 10*q - 1. Calculate v(-10).
-1
Let g(f) = -f**2 - 6*f - 1. Determine g(-6).
-1
Let u(b) = b**3 - 5*b**2 + 9*b - 65. Calculate u(6).
25
Let m(v) = -8*v + 15. Give m(1).
7
Let i(z) = -z**3 - z**2 - 2*z - 7. Give i(0).
-7
Let i(j) = -j**2 + 29. Give i(5).
4
Let b(l) = l**2 + 54*l + 470. What is b(-11)?
-3
Let m(u) = u**3 + 4*u**2 + 5*u + 2. Calculate m(-3).
-4
Let r(c) = c**3 + 24*c**2 + 15*c + 361. Give r(-24).
1
Let p(t) = -2*t + 7. Determine p(6).
-5
Let h(m) = -m - 4. Determine h(-3).
-1
Let n(h) = -2*h**3 - 2*h + 12. What is n(2)?
-8
Let g(b) = b**3 + 2*b**2 - 2*b - 6. Determine g(0).
-6
Let o(d) = -2*d**3 + d**2 + d + 9. Calculate o(0).
9
Let s(m) = -m**3 + 4*m**2 + 7*m - 10. Give s(5).
0
Let g(r) = -r**2 + 5*r. Give g(-4).
-36
Let t(f) = 12*f**2 + 6*f - 7. Determine t(1).
11
Let j(v) = -2*v**2 + 3*v + 4. What is j(0)?
4
Let u(i) = -i**3 - 41*i**2 - 35*i + 189. Calculate u(-40).
-11
Let k(y) = 9*y**2 + 6*y + 1. Give k(-1).
4
Let d(f) = 2*f**2 - 17*f - 14. What is d(9)?
-5
Let z(n) = -n**3 + 3*n**2 + 3. Give z(4).
-13
Let l(h) = -6*h**2 - 25*h - 7. What is l(-4)?
-3
Let q(a) = a**3 - 8*a**2 + 4*a - 20. Give q(8).
12
Let f(l) = -l**3 + 3*l**2 - 3*l + 30. Determine f(4).
2
Let k(z) = z**3 - 8*z**2 + 9*z + 7. Determine k(6).
-11
Let k(g) = -g**3 + 7*g**2 - 9*g + 4. Determine k(6).
-14
Let c(g) = -g + 75. What is c(0)?
75
Let m(i) = -i**3 + 5*i**2 - 4. Calculate m(4).
12
Let b(u) = u**2 + 6*u + 8. Give b(-7).
15
Let w(h) = h. What is w(4)?
4
Let s(l) = -16*l - 13. Give s(0).
-13
Let z(a) = -a**3 - a**2 + a + 1. Give z(0).
1
Let x(q) = 15*q**2 + q - 8. What is x(-3)?
124
Let q(d) = 10*d - 84. Calculate q(8).
-4
Let z(b) = 2*b + 13. What is z(-9)?
-5
Let n(c) = c**3 + 25*c**2 - 30. Calculate n(-25).
-30
Let c(b) = 5*b**3 + 2*b**2 + b + 2. Calculate c(-2).
-32
Let b(d) = -d**3 - 23*d**2 + 24*d - 7. Calculate b(-24).
-7
Let d(p) = 30*p + 13. What is d(-1)?
-17
Let q(j) = -j**3 - 17*j**2 + 10*j + 13. Determine q(-18).
157
Let t(w) = w**3 + 14*w**2 + 3*w + 42. Determine t(-14).
0
Let r(p) = -10*p - 287. Calculate r(-29).
3
Let j(p) = 5*p + 7. What is j(-5)?
-18
Let y(w) = -145*w + 3. Calculate y(1).
-142
Let i(q) = -q + 2. Give i(5).
-3
Let y(x) = -x**3 + 13*x**2 - 2*x - 15. Calculate y(13).
-41
Let r(h) = 6*h**3 + 1. Give r(-1).
-5
Let o(p) = -3*p**2 + 37*p - 25. Determine o(11).
19
Let g(q) = -4*q**2 + 6*q + 3. What is g(-3)?
-51
Let n(u) = -u**3 - 9*u**2 + 7*u - 24. Calculate n(-10).
6
Let d(j) = j**3 + j**2 - 4*j. What is d(-3)?
-6
Let g(x) = 155*x + 770. Determine g(-5).
-5
Let w(s) = -s**2 - s + 10. Calculate w(-3).
4
Let c(f) = -f**3 + 7*f**2 - 8*f - 2. Calculate c(6).
-14
Let n(i) = -i**3 + 14*i**2 + 16*i - 13. Determine n(15).
2
Let v(m) = 4*m + 1. What is v(5)?
21
Let r(p) = -p**3 + 8*p**2 + 9. What is r(8)?
9
Let n(u) = 19*u + 7. What is n(-4)?
-69
Let n(b) = -b**3 - 36*b**2 + 120*b + 122. What is n(-39)?
5
Let n(x) = x**3 - x**2 - x + 4. Determine n(2).
6
Let r(u) = 2*u**2 + 2*u - 3. Determine r(-3).
9
Let n(s) = s**3 - 19*s**2 - 15*s - 27. What is n(20)?
73
Let p(i) = -3*i + 8. Calculate p(8).
-16
Let s(z) = -z - 13. Determine s(-7).
-6
Let l(a) = -23*a**2 + 2*a - 1. Determine l(1).
-22
Let x(t) = 21*t + 2. What is x(-1)?
-19
Let p(r) = 2*r**2 - 8*r - 1. Determine p(6).
23
Let t(r) = 12*r - 31. What is t(-9)?
-139
Let r(o) = o**3 - 63*o**2 + 4*o - 259. Calculate r(63).
-7
Let n(r) = 18*r + 19. Give n(-1).
1
Let r(h) = 2*h**2 + 2. Calculate r(-5).
52
Let i(b) = 2*b**3 + 11*b**2 + 10*b + 3. Give i(-4).
11
Let h(m) = -m**2 - m + 35. Calculate h(0).
35
Let u(q) = -q**3 + 10*q**2 - 5*q - 10. Calculate u(9).
26
Let c(w) = w**3 - 2*w**2 + 2*w - 1. Give c(1).
0
Let v(y) = y**2 + 3*y + 1. Determine v(-5).
11
Let j(c) = -c**3 + 8*c**2 - 4*c - 5. Determine j(7).
16
Let i(a) = 98*a + 872. Calculate i(-9).
-10
Let a(f) = f**2 - 16*f + 34. Determine a(14).
6
Let p(j) = j**2 + 2*j - 2. What is p(-8)?
46
Let h(r) = r + 3. Calculate h(2).
5
Let o(j) = -25*j + 3. Calculate o(1).
-22
Let m(l) = l**2 - 5*l + 10. Give m(7).
24
Let o(z) = 2*z**2 - 19*z + 78. Give o(8).
54
Let p(d) = -6*d**2 - 246*d + 1. What is p(-41)?
1
Let m(j) = -2*j - 6. Determine m(11).
-28
Let n(x) = -8*x - 29. Give n(-3).
-5
Let x(i) = -i + 4. Give x(4).
0
Let w(i) = 7*i + 3. Determine w(-3).
-18
Let t(l) = 2*l**2 + 15*l - 10. Give t(-8).
-2
Let k(w) = -6*w + 9. What is k(9)?
-45
Let y(j) = -j**3 - 26*j**2 + 25*j - 59. Determine y(-27).
-5
Let w(f) = -f**2 + 10*f - 9. Give w(9).
0
Let f(s) = -s**3 - 7*s**2 + 2*s - 17. Give f(-8).
31
Let n(p) = 8*p + 4. Give n(3).
28
Let q(m) = m**3 - 8*m**2 + 4*m. Determine q(4).
-48
Let s(g) = 2*g**2 - 44*g - 54. Give s(23).
-8
Let v(p) = -p**3 + 17*p**2 + 11*p + 16. What is v(18)?
-110
Let h(m) = m - 31. Determine h(15).
-16
Let n(d) = -d**3 - 5*d**2 - 8*d - 4. Give n(-4).
12
Let j(x) = 6*x**3 + 3*x**2 + 5*x + 5. Calculate j(-2).
-41
Let l(g) = 8*g**2 - 9*g + 8. Give l(1).
7
Let z(b) = 3*b - 23. Calculate z(7).
-2
Let h(m) = -8*m + 6. What is h(7)?
-50
Let r(k) = 86*k - 160. Give r(2).
12
Let j(x) = x**2 + 14*x + 7. Give j(-16).
39
Let z(w) = w**2 - 35*w - 32. Calculate z(36).
4
Let n(r) = -r**2 + 32*r - 255. Calculate n(15).
0
Let d(x) = 2*x**3 + 8*x**2 - 20*x + 1. Calculate d(2).
9
Let j(x) = -x**3 - 15*x**2 + 35*x + 13. Determine j(-17).
-4
Let k(o) = -16*o**2 - 3*o + 3. Give k(1).
-16
Let u(x) = 2*x**2 - 13*x + 17. Give u(5).
2
Let s(v) = -2*v**3 + 2*v**2 + 6*v - 5. Determine s(2).
-1
Let s(v) = -v**3 - 13*v**2 - 11*v + 10. Determine s(-12).
-2
Let f(o) = o**3 + 13*o**2 - 11*o - 37. Calculate f(-14).
-79
Let n(d) = -d**2 - 22*d + 27. Calculate n(-25).
-48
Let j(c) = 4*c + 73. Determine j(-18).
1
Let z(r) = r - 13. What is z(-9)?
-22
Let a(x) = -x**3 - 3*x**2 + 2*x + 1. Give a(-3).
-5
Let s(d) = -d**3 - 19*d**2 + 43*d + 1. Determine s(-21).
-20
Let i(v) = 3*v**2 + 73*v - 2. Determine i(-24).
-26
Let v(a) = -a**3 - 5*a**2 - 3. Calculate v(-5).
-3
Let h(t) = -50*t**2 + 3*t - 2. What is h(1)?
-49
Let u(i) = i**3 + i**2 + 22*i + 5. Calculate u(0).
5
Let f(u) = 21*u - 1. Calculate f(-1).
-22
Let a(q) = 19*q**2 + 1. What is a(-1)?
20
Let u(n) = -n**2 + 2*n + 14. Determine u(5).
-1
Let x(b) = b**2 - 3*b + 5. Give x(0).
5
Let k(s) = s**3 + s**2 - 4*s + 1. Determine k(3).
25
Let c(v) = -2*v**2 - 6*v + 37. Give c(5).
-43
Let q(z) = -z**2 + 7*z - 24. What is q(4)?
-12
Let k(d) = -d**3 - 20*d**2 + 18*d - 31. Determine k(-21).
32
Let r(d) = d**3 + 15*d**2 - 54*d + 24. Determine r(-18).
24
Let z(m) = 63*m + 27. Calculate z(-3).
-162
Let n(o) = 24*o - 327. Give n(13).
-15
Let w(d) = -d**3 - d**2 + 1. Determine w(-1).
1
Let q(w) = -5*w + 7. What is q(2)?
-3
Let k(l) = -3*l**2 - 40*l - 19. What is k(-12)?
29
Let k(b) = b**3 + 4*b**2 - 4*b + 12. Calculate k(-5).
7
Let j(u) = u**2 - 10*u + 21. What is j(6)?
-3
Let b(g) = -6*g - 80. Calculate b(-15).
10
Let j(o) = 13*o - 12. What is j(6)?
66
Let u(n) = -n + 5. Give u(3).
2
Let o(k) = 2*k - 8. Give o(5).
2
Let w(z) = -24*z - 577. What is w(-24)?
-1
Let z(o) = 2*o**3 - 27*o**2 - 14*o + 3. What is z(14)?
3
Let k(j) = -22*j - 53. Determine k(-3).
13
Let g(t) = 21*t - 1. What is g(-1)?
-22
Let a(m) = -2*m**3 + 13*m**2 - 13*m - 6. What is a(5)?
4
Let i(l) = -l**3 - 8*l**2 + 4*l - 5. Give i(-8).
-37
Let m(o) = 2*o - 1. Give m(-2).
-5
Let y(i) = i**3 - 12*i**2 + i - 8. Determine y(12).
4
Let v(y) = -y - 14. Give v(-8).
-6
Let t(q) = 3*q**3 - q**2 - q + 9. What is t(3)?
78
Let p(c) = -c**2 - 2*c - 22. Calculate p(0).
-22
Let j(l) = 3*l**2 + 32*l + 12. Give j(-9).
-33
Let t(m) = -2*m + 82. Calculate t(38).
6